.
-8
Let v(q) = 6 + 0 + q**3 - 1004*q**2 + 1009*q**2 - q. What is v(-5)?
11
Let m = 7336 - 7342. Let c(v) = v**2 + 11*v + 27. Give c(m).
-3
Suppose 0*q + 4*q + 9 = -5*i, 2*q - 2*i - 18 = 0. Suppose -4*n - 15 = -z + 4, q*n - 19 = -z. Let s(l) = 22 + 12*l**2 - 7*l**2 + 4*l - l**3 - z. What is s(6)?
-9
Let o be (-171)/(-12)*44/33. Let b(u) = -2*u**3 + 37*u**2 + 18*u + 26. Let k be b(o). Let z(f) = -f**2 + 4*f + 7. What is z(k)?
-14
Suppose 4*h + 8 = 0, -y - y - 2*h = 0. Let f = 592 + -588. Let b(w) = 7 + f*w - 10*w - y*w + 7*w. Calculate b(7).
0
Let v(c) be the third derivative of -c**5/60 - 3*c**4/8 - 11*c**3/6 - 3*c**2. Let n be (-24)/(-48)*(261/(-27) + 2/(-6)). Calculate v(n).
9
Let z(r) be the second derivative of r**4/6 + 5*r**3/3 + r**2/2 + 14*r. Let j = 4853 + -4861. Calculate z(j).
49
Let h(i) be the first derivative of i**4/24 - 7*i**3/6 - i**2 - i + 31. Let t(x) be the second derivative of h(x). What is t(5)?
-2
Let c(x) = -21*x**3 + 7*x**2 - 22*x + 11. Let r(m) = 52*m**3 - 13*m**2 + 44*m - 22. Let l(f) = -5*c(f) - 2*r(f). What is l(6)?
13
Suppose 3*g + g - 8*l = -l, 0 = 3*l. Let z(v) = -v**2 + v + 34. Give z(g).
34
Let u be (-4)/6 - 168/72. Let b be -1 + 1 + u + 8. Suppose 5*j - 2 = 4*m, 3*j + 5*m + b - 21 = 0. Let i(x) = x + 2. What is i(j)?
4
Suppose 3*s = t + 24, -6*s - 3*t + 40 = -s. Let k(b) be the first derivative of b**2/2 - 4*b + 1271. Calculate k(s).
4
Suppose -4*p - w + 16 = 0, 6*p = 4*p + w + 8. Suppose r - b = 7, -3*r - b + p = -9. Let n(x) = -x + r + 3*x - 6 - 8*x. What is n(1)?
-7
Suppose -2872*m + 2390*m = 0. Let a(l) = -l**3 + l + 1. Let h(g) = -4*g**3 + 5*g + 11. Suppose 0*t = 2*t - 10. Let y(c) = t*a(c) - h(c). Calculate y(m).
-6
Let q = 299 - 487. Let s = -80 - q. Let t = s - 103. Let m(i) = -i**2 + 5*i + 4. Determine m(t).
4
Let a(o) be the second derivative of -48*o - 9/2*o**3 + 1/2*o**2 + 0. Calculate a(-1).
28
Let i(w) be the second derivative of -w**4/12 + 3*w**3 - 59*w**2/2 + 2808*w. What is i(3)?
-14
Let g(v) = v**2 - 119*v - 2314. Let d be g(136). Let n(l) = 2*l**2 + l - 3. Give n(d).
3
Let n be 3/5 - 2/(-5). Let j(x) = -9*x**2 + 6*x + 1. Let r be 160/(-64)*(36/10)/(-3). Let y(i) = 10*i**2 - 8*i - 1. Let d(l) = r*y(l) + 4*j(l). Determine d(n).
-5
Let n(v) = 9*v**2 + 3*v - 45. Let g(y) = 4*y**2 + y - 20. Let q(o) = -7*g(o) + 3*n(o). Suppose 2 + 10 = 3*d. Give q(d).
-3
Let g(w) = -39 - 41 - 45 - 48 + 158 - 4*w - w**3 + 5*w**2. Calculate g(4).
-15
Let b be 25 + (-3 + -6)*1. Let a(o) = -5*o - 3*o + b*o - 6*o + o. Give a(1).
3
Let u(s) = s**3 + 8*s**2 - 10*s - 7. Suppose 0 = 3*v + 3*n - 21, 5 = 5*n + 20. Suppose 0 = -5*p + a - 49, 2*p - a + v = -3*a. What is u(p)?
2
Let a = 4554 + -4547. Let q(n) = -3*n**2 + 9*n - 1. Determine q(a).
-85
Let c(x) be the second derivative of -x**6/180 + x**5/60 - 5*x**4/12 + 50*x. Let d(v) be the third derivative of c(v). Let y = 2 + 1. Determine d(y).
-10
Let l(t) = -23*t**2 - 29*t + 3. Let v(c) = 8*c**2 + 10*c - 1. Suppose 0 = -y - 3*w + 9, -5*w = 2*y - 3*y - 31. Let k(h) = y*l(h) - 17*v(h). What is k(-3)?
5
Let z(i) = 2*i - 11. Let f(r) = -14*r + 82. Let a be f(5). Suppose 11*v + a = 133. What is z(v)?
11
Let c(q) be the second derivative of -q**5/20 + q**4/3 - q**3/6 + 11*q**2/2 - 497*q. What is c(3)?
17
Let y(g) be the third derivative of g**5/60 + g**4/2 - 19*g**3/3 + 7*g**2 + 2*g. What is y(-13)?
-25
Suppose 0 = 4*g + 9 - 1. Let i(u) be the third derivative of u**5/60 + u**4/8 - u**3/3 + 33*u**2 + 80*u. Determine i(g).
-4
Let m be -398*(-9)/108 - (-2)/(-12). Suppose b + m = 12*b. Suppose 5*r - b + 41 = 4*w, 4*r = -2*w + 32. Let t(h) = h**3 - 12*h**2 - h + 13. Calculate t(w).
1
Let x(n) = n**2 + 41. Let g = 1640 + -1640. Give x(g).
41
Let o(z) = 3*z**2 - 2*z + 31. Let h be o(0). Let v(y) = 4 - 36*y + 131*y - h*y - 30*y - 36*y. Calculate v(-5).
14
Let h(s) be the second derivative of 2 - 21*s - 1/12*s**4 + 11/6*s**3 + 7*s**2. Calculate h(12).
2
Suppose -2*r + 19 = -3*z, 52*z + 3*r - 6 = 49*z. Let u(k) = 35*k + 93. Determine u(z).
-12
Let t = -162 - -162. Let j(s) be the first derivative of s**4/12 - s**3/6 + 3*s**2 - 11*s - 5. Let d(n) be the first derivative of j(n). What is d(t)?
6
Let x(k) be the second derivative of 7*k**3/2 + 97*k**2 - k + 2820. What is x(-9)?
5
Let m(o) = -5*o - 57. Let l be m(-13). Let q = 5 - 11. Let a(r) = -r**2 + 9*r - 6. Let n(h) = h**2 - 9*h + 5. Let x(k) = q*a(k) - 7*n(k). Calculate x(l).
9
Let r(m) be the first derivative of -9/2*m**2 - 7 + 1/8*m**4 + 0*m - 1/6*m**3 + 1/60*m**5. Let v(w) be the second derivative of r(w). Determine v(-5).
9
Suppose -11*p + 80 = -6*p. Suppose -p*q = -10*q + 26*q. Let u(v) = -2*v + 3. What is u(q)?
3
Let v(p) = 27*p + 128. Let i(w) = -49*w - 255. Let d(j) = -3*i(j) - 5*v(j). Give d(-11).
-7
Let n = 903 + -897. Let f(u) = n*u + 16*u - 21*u + 25. Give f(-24).
1
Let p(d) be the third derivative of 7*d**5/30 + d**4/12 - d**3/6 + 3*d**2. Suppose 2*y + 6*y = 2000. Let c = y - 249. Calculate p(c).
15
Let a(n) = -5*n**3 - n**2 - 60*n - 61. Let k be a(-1). Let g(b) = -9*b**2 + 6*b - 1. Determine g(k).
-64
Suppose -1742 + 1014 = -28*l. Let z(q) = -q**2 + 30*q - 100. Calculate z(l).
4
Let j(y) = -2*y - 5. Let b(u) = -u**3 - u**2 + 2*u + 220. Let f be b(0). Suppose 0 = 8*i + 12*i + f. What is j(i)?
17
Suppose -4*f = -4*d + 20, -13*d = -11*d - 5*f - 22. Let c(u) = -33*u + 21*u + 22*u**3 + 8*u**3 - d - u**2 + 11*u. What is c(-1)?
-31
Let h(z) = -246*z**2 - 217*z**2 + 445*z**2 - 2*z**3 + 3*z + 23. Give h(-9).
-4
Let p = 149 + -148. Let z(k) = k**3 + 29*k**2 + 24*k**2 - 54*k**2 - k - p. Determine z(-2).
-11
Let p(n) = -6*n**2 + 16*n - 1 - 10*n + 0*n - n**3 - 2*n. Determine p(-5).
-46
Let l(s) = 51 - 55*s - 56*s + 153*s - 49*s. Calculate l(3).
30
Let a be (-2)/8 - (-12)/16*-1. Let y(l) be the third derivative of l**5/10 - l**4/8 - l**3/3 + 25*l**2 + 3*l. Calculate y(a).
7
Let f be (5/(-75)*-6)/(1/20). Let q be 208/f + -1 + -5 - 6. Let r(l) = l**2 - 15*l + 18. What is r(q)?
4
Let o(g) = 4*g**3 - 5*g - 9. Let c(h) = -h**3 + h + 2. Let z(w) = 9*c(w) + 2*o(w). Let x(u) = 3*u**3 + 3*u**2 + 3*u. Let i(j) = x(j) + 4*z(j). What is i(2)?
2
Let r(n) = -3*n + 3. Let g be r(2). Let m(h) = -h**2 - 11*h + 2. Let p(j) = -13*j - 112 + 58 + 57 - j**2. Let c(u) = 6*m(u) - 5*p(u). Determine c(g).
-9
Let l(i) = 44*i + 200. Let p(a) = 23*a + 109. Let k(v) = 4*l(v) - 7*p(v). Calculate k(-3).
-8
Let d = 1632 - 1624. Let r(s) = -2*s**2 + 22*s + 3. Let c(a) = 3*a**2 - 32*a - 5. Let n(g) = 5*c(g) + 7*r(g). Determine n(d).
12
Let v be 164430/168 - (-5)/4. Let b(u) = 3 + 979*u + 7 - 6 - v*u. Let s be 6*((-5)/(-3) - 1). Give b(s).
0
Let c(g) = -g - 29. Let j(u) = -u. Let t(y) = -c(y) + 5*j(y). Let k be t(7). Let s(r) = 3*r - k + 3 - 4*r. Give s(6).
-4
Let i(c) = -5*c - 139. Let n(y) = 4*y**3 + 31*y**2 + 69*y + 7. Let p be n(-4). What is i(p)?
6
Let b(j) be the first derivative of 0*j**4 - 1/120*j**6 + 0*j - 11/60*j**5 - j**3 + 17 + 29/2*j**2. Let a(m) be the second derivative of b(m). What is a(-11)?
-6
Let q(i) = -i**3 + 9*i**2 + 10*i - 3. Let c be 3 + 4*(-3)/6*1. Let r be (1 - (c - 0))*2/6. Suppose r = f - 3*w - 10, -w - 2*w = -3*f + 30. Calculate q(f).
-3
Let h(x) = -13*x + 36. Let s(z) = z**2 - 6*z + 11. Let q be s(4). Let m be h(q). Let p(b) = -b**3 - 3*b**2 - 2*b + 2. Calculate p(m).
8
Let r(u) = 22*u**2 - 3*u + 4. Suppose -114*t + 230 = -3 + 5. Determine r(t).
86
Let h(f) be the second derivative of -f**4/12 + 4*f. Let s be 3*(-1)/3*-3. Calculate h(s).
-9
Let y(a) be the first derivative of 3*a**2 - 28*a + 65. Let u be y(5). Let l(q) = 2*q. What is l(u)?
4
Let y(c) = -2*c**2 - 42*c - 19. Let v be y(0). Let m(d) = -d**2 - 20*d + 10. What is m(v)?
29
Let u(i) = i**3 + 3*i**2 - 2*i - 3. Suppose 3*t - 5*q = 81 - 17, -2*t + 11 = 3*q. Suppose -3*y - t = m, y - 4*m - 7 = 6. Determine u(y).
3
Let i(o) = -5*o - 1 + 6*o**3 - 5*o**3 + 2*o + 4 - o**2. Let g(x) = -x**3 + x**2 + 4*x - 3. Let j(c) = -2*g(c) - 3*i(c). What is j(2)?
-5
Let o(x) = -6*x - 4*x + 12 + x**2 + 7. Let s = 1062 + -1057. Let u be o(s). Let r(w) = w + 7. What is r(u)?
1
Let x(p) be the second derivative of -p**3/3 - p**2/2 - p. Suppose 0 = -w - 1, 5*v = 3*v + 2*w - 598. Let y = 297 + v. Calculate x(y).
5
Suppose -5*s + 24 = 9. Let a(f) = 10*f**2. Let w(y) = 13*y**2 + y - 2. Let h(c) = 4*a(c) -